{"id":2146,"date":"2014-07-01T14:31:18","date_gmt":"2014-07-01T12:31:18","guid":{"rendered":"https:\/\/lippspringe.sawah.mobi\/?page_id=2146"},"modified":"2024-07-03T10:31:38","modified_gmt":"2024-07-03T08:31:38","slug":"regentristesse-und-schoenwetterglocke","status":"publish","type":"page","link":"https:\/\/lippspringe.sawah.mobi\/?page_id=2146","title":{"rendered":"Erlebnispunkt 3:Tristesse und Sch\u00f6nwetterglocke"},"content":{"rendered":"<p><span style=\"color: #666666;\">Der Teutoburger Wald erstreckt sich von Ibbenb\u00fcren im Nordwesten bis nach Altenbeken im S\u00fcdosten, nahtlos schlie\u00dft sich das Eggegebirge an, das bis Marsberg reicht. Weil der Wind meistens aus S\u00fcdwesten weht, sto\u00dfen die feuchten Luftmassen vom Atlantik an den s\u00fcdwestlichen Gebirgsrand und regnen dort ab. Wo Sie jetzt stehen, ist der Bereich des\u00a0reliefbedingten Steigungsregen. Hier regnet es regelm\u00e4\u00dfig und viel.<\/span><\/p>\n<p><span style=\"color: #666666;\"> An der\u00a0in Schlangen\u00a0gelegenen Wetterstation des regionalen, ehrenamtlich betreuten, Netzes von Klimamessstationen Ostwestfalen-Lippe wurden seit Aufnahme des Betriebs im Jahr 1990 durchschnittlich 1.172 mm Jahresniederschlag gemessen. Die Station ist damit die niederschlagsreichste in der Umgebung. Auf dem Eggekamm selbst ist merklich weniger Regen zu verzeichnen. Im Rothaargebirge und im Westerwald f\u00e4llt vergleichsweise\u00a0\u00fcber das Jahr hinweg noch mehr Niederschlag. Der starke Niederschlag hat der Region ein Sprichwort beschert: &#8222;In Paderborn regnet es oder man h\u00f6rt die Glocken l\u00e4uten&#8220;.<\/span><\/p>\n<p><span style=\"color: #666666;\">Klimamodelle der n\u00e4chsten Jahrzehnte gehen davon aus, dass es in <\/span><span style=\"color: #666666;\">Nordrhein-Westfalen <\/span><span style=\"color: #666666;\">mehr Niederschl\u00e4ge geben wird. Die Niederschl\u00e4ge werden sich\u00a0verlagern, die Sommer werden trockener und\u00a0die Winter und Fr\u00fchjahre nasser, da das w\u00e4rmere Klima den Schnee eher als Regen fallen lassen wird.<\/span><\/p>","protected":false},"excerpt":{"rendered":"<p>Der Teutoburger Wald erstreckt sich von Ibbenb\u00fcren im Nordwesten bis nach Altenbeken im S\u00fcdosten, nahtlos schlie\u00dft sich das Eggegebirge an, das bis Marsberg reicht. Weil der Wind meistens aus S\u00fcdwesten weht, sto\u00dfen die feuchten Luftmassen vom Atlantik an den s\u00fcdwestlichen Gebirgsrand und regnen dort ab. Wo Sie jetzt stehen, ist der Bereich des\u00a0reliefbedingten Steigungsregen. Hier &hellip; <\/p>\n<p class=\"link-more\"><a href=\"https:\/\/lippspringe.sawah.mobi\/?page_id=2146\" class=\"more-link\"><span class=\"screen-reader-text\">\u201eErlebnispunkt 3:Tristesse und Sch\u00f6nwetterglocke\u201c<\/span> weiterlesen<\/a><\/p>\n","protected":false},"author":1,"featured_media":2236,"parent":0,"menu_order":0,"comment_status":"open","ping_status":"open","template":"","meta":{"footnotes":""},"_links":{"self":[{"href":"https:\/\/lippspringe.sawah.mobi\/index.php?rest_route=\/wp\/v2\/pages\/2146"}],"collection":[{"href":"https:\/\/lippspringe.sawah.mobi\/index.php?rest_route=\/wp\/v2\/pages"}],"about":[{"href":"https:\/\/lippspringe.sawah.mobi\/index.php?rest_route=\/wp\/v2\/types\/page"}],"author":[{"embeddable":true,"href":"https:\/\/lippspringe.sawah.mobi\/index.php?rest_route=\/wp\/v2\/users\/1"}],"replies":[{"embeddable":true,"href":"https:\/\/lippspringe.sawah.mobi\/index.php?rest_route=%2Fwp%2Fv2%2Fcomments&post=2146"}],"version-history":[{"count":9,"href":"https:\/\/lippspringe.sawah.mobi\/index.php?rest_route=\/wp\/v2\/pages\/2146\/revisions"}],"predecessor-version":[{"id":2276,"href":"https:\/\/lippspringe.sawah.mobi\/index.php?rest_route=\/wp\/v2\/pages\/2146\/revisions\/2276"}],"wp:featuredmedia":[{"embeddable":true,"href":"https:\/\/lippspringe.sawah.mobi\/index.php?rest_route=\/wp\/v2\/media\/2236"}],"wp:attachment":[{"href":"https:\/\/lippspringe.sawah.mobi\/index.php?rest_route=%2Fwp%2Fv2%2Fmedia&parent=2146"}],"curies":[{"name":"wp","href":"https:\/\/api.w.org\/{rel}","templated":true}]}}